152.
2, 392893
List the prime factors of 44211.
3, 14737
What are the prime factors of 1447633?
11, 101, 1303
What are the prime factors of 1760308?
2, 11, 3637
List the prime factors of 91839.
3, 11, 23
What are the prime factors of 12983915?
5, 7, 107, 3467
What are the prime factors of 621432?
2, 3, 7, 137
List the prime factors of 2660523.
3, 127, 6983
List the prime factors of 5279790.
2, 3, 5, 175993
List the prime factors of 525380.
2, 5, 109, 241
What are the prime factors of 3916433?
3916433
List the prime factors of 4763977.
149, 31973
What are the prime factors of 718740?
2, 3, 5, 11
List the prime factors of 825.
3, 5, 11
What are the prime factors of 211826?
2, 105913
What are the prime factors of 6358150?
2, 5, 127163
What are the prime factors of 801297?
3, 7, 23, 79
What are the prime factors of 227528?
2, 7, 17, 239
What are the prime factors of 262358?
2, 233, 563
What are the prime factors of 1730483?
71, 24373
List the prime factors of 7490518.
2, 7, 535037
List the prime factors of 1270152.
2, 3, 13, 23, 59
What are the prime factors of 255048?
2, 3, 10627
What are the prime factors of 3330637?
67, 49711
List the prime factors of 916799.
13, 109, 647
What are the prime factors of 2730643?
2730643
List the prime factors of 194153.
31, 6263
List the prime factors of 24239.
24239
List the prime factors of 1249076.
2, 312269
What are the prime factors of 1443188?
2, 421, 857
List the prime factors of 30827204.
2, 61, 126341
What are the prime factors of 542504?
2, 17, 3989
What are the prime factors of 655213?
13, 3877
List the prime factors of 321360.
2, 3, 5, 13, 103
What are the prime factors of 34704?
2, 3, 241
List the prime factors of 4964982.
2, 3, 11, 75227
What are the prime factors of 7864744?
2, 17, 57829
What are the prime factors of 97137?
3, 43, 251
List the prime factors of 198670.
2, 5, 19867
List the prime factors of 1969523.
31, 63533
What are the prime factors of 112933?
31, 3643
What are the prime factors of 2854020?
2, 3, 5, 13, 3659
List the prime factors of 3614071.
1483, 2437
What are the prime factors of 11384499?
3, 7, 542119
List the prime factors of 1981779.
3, 660593
What are the prime factors of 202034?
2, 7, 14431
What are the prime factors of 638768?
2, 13, 37, 83
What are the prime factors of 7020351?
3, 13, 59, 113
What are the prime factors of 105029?
127, 827
List the prime factors of 1420621.
1420621
List the prime factors of 12292980.
2, 3, 5, 7, 29269
List the prime factors of 212291.
43, 4937
List the prime factors of 1552472.
2, 43, 4513
What are the prime factors of 248197?
19, 13063
What are the prime factors of 5929452?
2, 3, 164707
List the prime factors of 12676259.
12676259
What are the prime factors of 392024?
2, 49003
List the prime factors of 12076954.
2, 6038477
List the prime factors of 103711.
37, 2803
What are the prime factors of 452314?
2, 19, 11903
What are the prime factors of 42240?
2, 3, 5, 11
List the prime factors of 45489.
3, 59, 257
What are the prime factors of 35947534?
2, 7, 991, 2591
List the prime factors of 635549.
37, 89, 193
List the prime factors of 2385855.
3, 5, 43, 137
List the prime factors of 663910.
2, 5, 13, 5107
List the prime factors of 51733.
11, 4703
What are the prime factors of 1318080?
2, 3, 5, 1373
List the prime factors of 1672198.
2, 11, 29, 2621
What are the prime factors of 10016463?
3, 43, 77647
What are the prime factors of 6801220?
2, 5, 340061
What are the prime factors of 11015150?
2, 5, 17, 12959
List the prime factors of 17352785.
5, 59, 997
What are the prime factors of 18335383?
11, 1666853
What are the prime factors of 7238004?
2, 3, 31, 19457
What are the prime factors of 42148?
2, 41, 257
What are the prime factors of 16032288?
2, 3, 23, 53, 137
List the prime factors of 98547.
3, 107, 307
What are the prime factors of 9145643?
13, 17, 29, 1427
List the prime factors of 261942.
2, 3, 149, 293
What are the prime factors of 1126230?
2, 3, 5, 7, 31, 173
What are the prime factors of 2006004?
2, 3, 7, 11, 13, 167
List the prime factors of 8644102.
2, 31, 107, 1303
List the prime factors of 1591624.
2, 198953
List the prime factors of 56448.
2, 3, 7
List the prime factors of 269140.
2, 5, 13457
What are the prime factors of 1767219?
3, 457, 1289
List the prime factors of 1559368.
2, 19, 10259
What are the prime factors of 593478?
2, 3, 32971
What are the prime factors of 259766?
2, 13, 97, 103
What are the prime factors of 143131?
41, 3491
List the prime factors of 1299055.
5, 17, 29, 31
List the prime factors of 1143669.
3, 381223
What are the prime factors of 37911890?
2, 5, 3791189
List the prime factors of 670416.
2, 3, 13967
What are the prime factors of 9961543?
9961543
What are the prime factors of 4752537?
3, 17, 93187
What are the prime factors of 456946?
2, 7, 127, 257
What are the prime factors of 1412871?
3, 470957
List the prime factors of 235236.
2, 3, 19603
List the prime factors of 125597.
125597
What are the prime factors of 46876?
2, 11719
List the prime factors of 4659516.
2, 3, 347, 373
List the prime factors of 137938.
2, 17, 4057
List the prime factors of 222102.
2, 3, 457
What are the prime factors of 417990?
2, 3, 5, 13933
List the prime factors of 8879491.
17, 522323
What are the prime factors of 8264471?
43, 71, 2707
List the prime factors of 481414.
2, 240707
What are the prime factors of 1692868?
2, 83, 5099
What are the prime factors of 666310?
2, 5, 23, 2897
List the prime factors of 979875.
3, 5, 13, 67
What are the prime factors of 17639553?
3, 41, 61, 2351
List the prime factors of 1786643.
97, 113, 163
List the prime factors of 267690.
2, 3, 5, 8923
List the prime factors of 194289.
3, 64763
List the prime factors of 673935.
3, 5, 179, 251
List the prime factors of 3879187.
13, 298399
What are the prime factors of 451373?
13, 34721
What are the prime factors of 1867788?
2, 3, 13, 307
List the prime factors of 7071763.
7071763
List the prime factors of 1836533.
31, 59243
List the prime factors of 144240.
2, 3, 5, 601
What are the prime factors of 12380712?
2, 3, 167, 3089
What are the prime factors of 231834?
2, 3, 38639
List the prime factors of 10361.
13, 797
What are the prime factors of 1010389?
29, 34841
List the prime factors of 2364665.
5, 61, 7753
What are the prime factors of 4751840?
2, 5, 17, 1747
List the prime factors of 29037940.
2, 5, 73, 19889
What are the prime factors of 26404227?
3, 2933803
What are the prime factors of 23272870?
2, 5, 263, 8849
What are the prime factors of 225458?
2, 139, 811
What are the prime factors of 8113947?
3, 17, 159097
What are the prime factors of 8876451?
3, 509, 5813
List the prime factors of 1062804.
2, 3, 31, 2857
What are the prime factors of 89573?
11, 17, 479
List the prime factors of 111816.
2, 3, 1553
What are the prime factors of 2853854?
2, 1426927
What are the prime factors of 1080196?
2, 13, 20773
What are the prime factors of 419999?
419999
List the prime factors of 5919012.
2, 3, 11, 14947
What are the prime factors of 357379?
11, 53, 613
List the prime factors of 1036055.
5, 353, 587
What are the prime factors of 10444?
2, 7, 373
What are the prime factors of 1625275?
5, 65011
List the prime factors of 1672144.
2, 41, 2549
What are the prime factors of 1293025?
5, 51721
List the prime factors of 727591.
73, 9967
What are the prime factors of 2538795?
3, 5, 7, 24179
List the prime factors of 1126712.
2, 140839
What are the prime factors of 2659710?
2, 3, 5, 88657
List the prime factors of 468779.
547, 857
List the prime factors of 1151897.
691, 1667
List the prime factors of 304010.
2, 5, 7, 43, 101
List the prime factors of 3426114.
2, 3, 571019
What are the prime factors of 622641?
3, 207547
List the prime factors of 3867431.
19, 203549
List the prime factors of 841774.
2, 31, 13577
List the prime factors of 249530.
2, 5, 24953
List the prime factors of 109436.
2, 109, 251
List the prime factors of 420072.
2, 3, 23, 761
List the prime factors of 1428289.
17, 84017
What are the prime factors of 8350159?
1013, 8243
List the prime factors of 92129.
181, 509
List the prime factors of 200512.
2, 13, 241
List the prime factors of 246727.
13, 18979
What are the prime factors of 2813151?
3, 11, 85247
What are the prime factors of 136178